e number?
True
Is 5359000601 composite?
True
Is 3160192073 a prime number?
False
Is 149011917049 a composite number?
False
Is 8361336547 a composite number?
False
Is 18312456217 a prime number?
False
Is 4113194093 composite?
False
Is 132522398 a composite number?
True
Is 7725127373 a composite number?
False
Is 110245609 a prime number?
True
Is 1402321411 a composite number?
False
Is 48072961571 prime?
True
Is 2684423191 a prime number?
True
Is 18045997577 a prime number?
False
Is 1259873513 a composite number?
False
Is 10973719091 prime?
True
Is 13440821 a prime number?
True
Is 17490969047 a composite number?
True
Is 1976209831 a composite number?
True
Is 2142488713 prime?
False
Is 7931464579 a composite number?
True
Is 1410101761 prime?
False
Is 84362586461 composite?
True
Is 1300740913 a prime number?
True
Is 9706715147 a prime number?
True
Is 211803829 prime?
True
Is 1204085789 a composite number?
False
Is 24913911569 a prime number?
True
Is 124026758657 a prime number?
True
Is 1710927433 a composite number?
True
Is 273722989 prime?
True
Is 40664347 a composite number?
False
Is 147829344841 a composite number?
False
Is 1675611499 a prime number?
True
Is 1624042829 composite?
False
Is 159736844045 composite?
True
Is 7114276517 a composite number?
False
Is 16761417719 composite?
False
Is 4961379757 composite?
False
Is 32338785889 composite?
False
Is 963979123 a prime number?
False
Is 5028460127 composite?
False
Is 21880276679 prime?
True
Is 1051295699 a composite number?
True
Is 2391696767 a composite number?
True
Is 804885817 a composite number?
True
Is 147688868069 prime?
True
Is 81797771 a prime number?
False
Is 34402642343 composite?
False
Is 1577162959 prime?
True
Is 601707559 prime?
False
Is 6158489599 a prime number?
True
Is 1210480091 a prime number?
False
Is 261470071531 a composite number?
True
Is 760264117 prime?
True
Is 801724117 prime?
True
Is 3119080373 a composite number?
False
Is 2517743023 composite?
False
Is 160164131 a composite number?
False
Is 5824843 composite?
False
Is 178264699 a prime number?
False
Is 1294141703 prime?
False
Is 377163565 a prime number?
False
Is 1501363553 prime?
False
Is 4821648119 composite?
False
Is 952462439 a composite number?
True
Is 41103370709 composite?
False
Is 10622211169 a prime number?
True
Is 4390807339 prime?
True
Is 46920094477 a prime number?
False
Is 2035739495 composite?
True
Is 10862984963 prime?
True
Is 4121973781 composite?
True
Is 48411881405 composite?
True
Is 2123270159 prime?
False
Is 93695191 composite?
False
Is 5765334961 prime?
False
Is 1223080387 prime?
False
Is 738077611 prime?
True
Is 4042526129 composite?
True
Is 203320333 a composite number?
False
Is 450598861 a composite number?
False
Is 5254361939 a composite number?
True
Is 3261681539 prime?
True
Is 2324585513 a prime number?
True
Is 6174872381 a composite number?
False
Is 1065184321 a composite number?
False
Is 5223987889 a composite number?
True
Is 2030498101 a prime number?
True
Is 15330608563 a prime number?
False
Is 137064620933 composite?
False
Is 32918405747 prime?
True
Is 851475941 prime?
False
Is 333655423 a prime number?
False
Is 43138328257 prime?
False
Is 8988738487 prime?
True
Is 1435969261 prime?
False
Is 810908251 prime?
True
Is 3833422309 prime?
False
Is 119424004729 a composite number?
True
Is 664052633 composite?
False
Is 841789999 prime?
True
Is 72676781851 a prime number?
True
Is 1345936129 prime?
False
Is 31712072489 prime?
False
Is 74605225813 composite?
True
Is 13695713897 a composite number?
True
Is 120493363 a prime number?
True
Is 1048915033 composite?
False
Is 1824834161 composite?
False
Is 1960065499 a composite number?
True
Is 6721988941 prime?
True
Is 299610079 composite?
True
Is 17800944193 composite?
False
Is 123072527 a prime number?
True
Is 1391242381 a prime number?
False
Is 1568814103 composite?
False
Is 1253633333 composite?
False
Is 60719219941 prime?
True
Is 3526242277 composite?
True
Is 15705113367 prime?
False
Is 2385397901 composite?
True
Is 1562499481 a composite number?
True
Is 871953935 a composite number?
True
Is 187533623 a composite number?
True
Is 28063073219 prime?
True
Is 67762858 a composite number?
True
Is 1028176501 prime?
False
Is 6007016207 a composite number?
False
Is 3982287737 prime?
True
Is 502725403 prime?
False
Is 9235546633 a prime number?
False
Is 3133004879 a composite number?
True
Is 113117715141 composite?
True
Is 1325733391 a prime number?
True
Is 2221921829 a prime number?
False
Is 1094668073 composite?
False
Is 1228789583 a composite number?
True
Is 193233149 prime?
True
Is 10425642007 prime?
False
Is 2897218397 a prime number?
False
Is 87386910437 a prime number?
True
Is 22467438113 prime?
False
Is 25558106039 composite?
True
Is 4180201981 prime?
True
Is 17080291637 a composite number?
False
Is 1440798767 a prime number?
True
Is 198310829 composite?
False
Is 10432764191 composite?
True
Is 7160701997 composite?
True
Is 787198711 a prime number?
False
Is 3301458103 a prime number?
False
Is 5956772743 a composite number?
True
Is 137829 composite?
True
Is 5927282057 prime?
False
Is 647704653 composite?
True
Is 2874477 prime?
False
Is 46385064697 a prime number?
False
Is 236315617 composite?
False
Is 250910081603 a composite number?
False
Is 1282933159 a composite number?
False
Is 486499943 a prime number?
True
Is 831078799 prime?
True
Is 287764441 a composite number?
False
Is 7497165097 prime?
False
Is 31961588027 a composite number?
True
Is 20858494001 a composite number?
False
Is 16667638165 a prime number?
False
Is 16418207 a prime number?
False
Is 2249967277 a prime number?
True
Is 204347136419 a prime number?
False
Is 4118870603 a prime number?
False
Is 625086089 prime?
False
Is 50194942579 a prime number?
False
Is 29173537597 a composite number?
False
Is 36113743747 a composite number?
False
Is 1605669727 composite?
True
Is 14007113369 a composite number?
False
Is 295211639 composite?
True
Is 508081501 composite?
False
Is 1218076801 a prime number?
True
Is 75457756381 a composite number?
True
Is 10921640234 prime?
False
Is 9662266402 composite?
True
Is 4108808471 a composite number?
False
Is 16181147257 prime?
False
Is 11825651 a composite number?
False
Is 327537229 a prime number?
True
Is 1315146719 prime?
True
Is 647412971 prime?
True
Is 298815618799 a composite number?
False
Is 1200168419 prime?
False
Is 1867214047 a composite number?
True
Is 4434250373 prime?
False
Is 441015319 composite?
False
Is 6321676918 prime?
False
Is 3782647007 a composite number?
True
Is 3680094923 a prime number?
True
Is 10319161339 a composite number?
False
Is 833671049 prime?
False
Is 16160177531 prime?
True
Is 10872588347 composite?
False
Is 2683044005 composite?
True
Is 34232057 prime?
True
Is 619402283 prime?
True
Is 16053796411 a prime number?
True
Is 206482751 prime?
True
Is 1407025157 composite?
False
Is 2126759731 prime?
True
Is 21700891981 prime?
False
Is 13119941701 a composite number?
False
Is 74107249043 composite?
False
Is 1000022327 prime?
True
Is 46126232081 a prime number?
True
Is 950731399 a composite number?
False
Is 14221306613 composite?
True
Is 13485275501 a composite number?
True
Is 16362174131 a prime number?
True
Is 697170889 a prime number?
False
Is 13488487063 composite?
True
Is 140302095007 a composite number?
False
Is 8339826619 composite?
False
Is 863497945 composite?
True
Is 8693474095 composite?
True
Is 908455763 composite?
True
Is 71744512733 a prime number?
False
Is 136402480637 prime?
True
Is 11510873939 prime?
True
Is 1974294899 a composite number?
True
Is 21984545171 prime?
True
Is 103931629 a composite number?
False
Is 780441141 composite?
True
Is 329052517 composite?
False
Is 30826103603 prime?
True
Is 1658365301 a prime number?
True
Is 1457795351 a prime number?
True
Is 6673796347 prime?
True
Is 2935702057 prime?
False
Is 410678659 composite?
True
Is 14778493171 prime?
False
Is 665150237 a prime number?
False
Is 4612170983 composite?
True
Is 703608067 a composite number?
True
Is 493286251 composite?
False
Is 4092686083 a composite number?
True
Is 71840761 a composite number?
False
Is 46099275773 a composite number?
True
Is 4495176071 composite?
True
Is 1449509599 a prime number?
True
Is 379071167 a composite number?
Fal